
Calculate the remainder when 665 is divided by 3.
2
Calculate the remainder when 281 is divided by 5.
1
Calculate the remainder when 119 is divided by 32.
23
What is the remainder when 36 is divided by 13?
10
What is the remainder when 148 is divided by 136?
12
Calculate the remainder when 173 is divided by 44.
41
Calculate the remainder when 138 is divided by 99.
39
Calculate the remainder when 657 is divided by 33.
30
Calculate the remainder when 13677 is divided by 18.
15
What is the remainder when 34 is divided by 12?
10
What is the remainder when 114 is divided by 57?
0
Calculate the remainder when 254 is divided by 95.
64
What is the remainder when 102 is divided by 7?
4
What is the remainder when 205 is divided by 26?
23
What is the remainder when 349 is divided by 22?
19
Calculate the remainder when 298 is divided by 98.
4
Calculate the remainder when 207 is divided by 106.
101
What is the remainder when 1933 is divided by 11?
8
Calculate the remainder when 439 is divided by 111.
106
Calculate the remainder when 171 is divided by 87.
84
Calculate the remainder when 1155 is divided by 45.
30
What is the remainder when 110 is divided by 84?
26
What is the remainder when 245 is divided by 10?
5
What is the remainder when 531 is divided by 46?
25
What is the remainder when 7395 is divided by 49?
45
What is the remainder when 354 is divided by 17?
14
Calculate the remainder when 1305 is divided by 265.
245
Calculate the remainder when 319 is divided by 76.
15
What is the remainder when 663 is divided by 219?
6
Calculate the remainder when 863 is divided by 287.
2
Calculate the remainder when 550 is divided by 206.
138
What is the remainder when 419 is divided by 42?
41
What is the remainder when 188 is divided by 68?
52
Calculate the remainder when 370 is divided by 143.
84
What is the remainder when 181 is divided by 46?
43
Calculate the remainder when 291 is divided by 59.
55
Calculate the remainder when 49 is divided by 14.
7
What is the remainder when 34 is divided by 26?
8
What is the remainder when 5037 is divided by 105?
102
What is the remainder when 14464 is divided by 23?
20
What is the remainder when 12293 is divided by 11?
6
What is the remainder when 224 is divided by 25?
24
What is the remainder when 217 is divided by 55?
52
Calculate the remainder when 1418 is divided by 142.
140
What is the remainder when 2499 is divided by 47?
8
What is the remainder when 1465 is divided by 46?
39
What is the remainder when 304 is divided by 14?
10
Calculate the remainder when 1082 is divided by 230.
162
Calculate the remainder when 109 is divided by 14.
11
What is the remainder when 95 is divided by 16?
15
What is the remainder when 1200 is divided by 240?
0
What is the remainder when 42 is divided by 25?
17
What is the remainder when 731 is divided by 46?
41
What is the remainder when 729 is divided by 23?
16
Calculate the remainder when 33 is divided by 15.
3
Calculate the remainder when 3817 is divided by 153.
145
What is the remainder when 5252 is divided by 47?
35
Calculate the remainder when 1584 is divided by 782.
20
What is the remainder when 854 is divided by 284?
2
Calculate the remainder when 87 is divided by 27.
6
What is the remainder when 387 is divided by 126?
9
Calculate the remainder when 16 is divided by 12.
4
What is the remainder when 160 is divided by 15?
10
What is the remainder when 74 is divided by 31?
12
What is the remainder when 240 is divided by 51?
36
Calculate the remainder when 48 is divided by 7.
6
What is the remainder when 123 is divided by 74?
49
What is the remainder when 269 is divided by 73?
50
What is the remainder when 19 is divided by 8?
3
Calculate the remainder when 169 is divided by 51.
16
What is the remainder when 43 is divided by 15?
13
What is the remainder when 904 is divided by 901?
3
What is the remainder when 577 is divided by 535?
42
Calculate the remainder when 2350 is divided by 157.
152
Calculate the remainder when 403 is divided by 111.
70
What is the remainder when 3297 is divided by 97?
96
Calculate the remainder when 445 is divided by 28.
25
Calculate the remainder when 413 is divided by 26.
23
What is the remainder when 1617 is divided by 36?
33
Calculate the remainder when 823 is divided by 48.
7
What is the remainder when 51 is divided by 28?
23
What is the remainder when 3816 is divided by 636?
0
Calculate the remainder when 225 is divided by 67.
24
Calculate the remainder when 65 is divided by 53.
12
Calculate the remainder when 79 is divided by 29.
21
What is the remainder when 37 is divided by 24?
13
What is the remainder when 8845 is divided by 112?
109
Calculate the remainder when 1632 is divided by 109.
106
What is the remainder when 672 is divided by 315?
42
Calculate the remainder when 514 is divided by 12.
10
What is the remainder when 469 is divided by 116?
5
What is the remainder when 2123 is divided by 1049?
25
What is the remainder when 168 is divided by 19?
16
Calculate the remainder when 150 is divided by 52.
46
What is the remainder when 4504 is divided by 69?
19
What is the remainder when 1424 is divided by 709?
6
What is the remainder when 85 is divided by 23?
16
What is the remainder when 62 is divided by 24?
14
Calculate the remainder when 84238 is divided by 120.
118
Calculate the remainder when 186 is divided by 57.
15
Calculate the remainder when 432 is divided by 144.
0
Calculate the remainder when 291 is divided by 104.
83
Calculate the remainder when 379 is divided by 75.
4
What is the remainder when 343 is divided by 16?
7
Calculate the remainder when 97 is divided by 20.
17
Calculate the remainder when 137 is divided by 14.
11
Calculate the remainder when 2698 is divided by 60.
58
Calculate the remainder when 127 is divided by 123.
4
What is the remainder when 952 is divided by 2?
0
What is the remainder when 479 is divided by 8?
7
What is the remainder when 180 is divided by 32?
20
Calculate the remainder when 470 is divided by 94.
0
Calculate the remainder when 667 is divided by 11.
7
What is the remainder when 651 is divided by 20?
11
What is the remainder when 325 is divided by 229?
96
What is the remainder when 671 is divided by 16?
15
What is the remainder when 881 is divided by 2?
1
What is the remainder when 333 is divided by 19?
10
Calculate the remainder when 826 is divided by 33.
1
What is the remainder when 159 is divided by 35?
19
Calculate the remainder when 9685 is divided by 8.
5
What is the remainder when 1821 is divided by 166?
161
What is the remainder when 595 is divided by 46?
43
Calculate the remainder when 327 is divided by 166.
161
What is the remainder when 126 is divided by 11?
5
Calculate the remainder when 1493 is divided by 115.
113
Calculate the remainder when 1049 is divided by 185.
124
What is the remainder when 17024 is divided by 66?
62
What is the remainder when 9 is divided by 4?
1
What is the remainder when 68 is divided by 12?
8
What is the remainder when 304 is divided by 28?
24
Calculate the remainder when 576 is divided by 94.
12
What is the remainder when 566 is divided by 9?
8
What is the remainder when 6533 is divided by 33?
32
Calculate the remainder when 2952 is divided by 269.
262
Calculate the remainder when 46 is divided by 18.
10
What is the remainder when 808 is divided by 39?
28
Calculate the remainder when 81 is divided by 28.
25
Calculate the remainder when 97 is divided by 52.
45
What is the remainder when 426 is divided by 48?
42
What is the remainder when 741 is divided by 230?
51
What is the remainder when 1742 is divided by 576?
14
What is the remainder when 1790 is divided by 9?
8
What is the remainder when 431 is divided by 63?
53
What is the remainder when 144 is divided by 23?
6
Calculate the remainder when 27 is divided by 7.
6
Calculate the remainder when 54 is divided by 10.
4
What is the remainder when 93 is divided by 85?
8
Calculate the remainder when 390 is divided by 14.
12
What is the remainder when 102 is divided by 28?
18
What is the remainder when 330 is divided by 140?
50
What is the remainder when 1532 is divided by 36?
20
Calculate the remainder when 86 is divided by 31.
24
Calculate the remainder when 301 is divided by 9.
4
Calculate the remainder when 274 is divide